*p + 818 = -4*b, 5*p + 3*b - 2911 = -892. What is the hundreds digit of p?
4
Suppose -75*f + 79*f = 4100. What is the tens digit of f?
2
Suppose 0 = v - 6*v - 10. Let f be v/(4 + (-10)/2). What is the units digit of ((-6)/f)/((-12)/28)?
7
Let x be ((-5)/(-10))/((-1)/(-22)). Suppose h + 4 = -x. What is the units digit of (-800)/h + (-8)/(-12)?
4
Let x(i) = -3*i**2 + 9*i - 3. Let g(r) = r**2 + r. Let u(y) = 5*g(y) - x(y). Let f = 5 - 3. What is the units digit of u(f)?
7
Let x(q) = -23*q - 7. Let y be x(-6). Let n = y + -59. What is the tens digit of n?
7
Let v = -215 - -906. What is the hundreds digit of v?
6
Suppose -3*y + 2213 = -k, -4*y - y + 4*k = -3686. What is the hundreds digit of y?
7
Let k(f) = -126*f - 86. What is the tens digit of k(-10)?
7
Suppose 680 = 9*d - 16699. What is the thousands digit of d?
1
Let p(q) = -q - 9. Let g be p(-9). Suppose g = -4*c + 2*c - 62. Let b = c + 51. What is the tens digit of b?
2
Let d = -148 - -271. What is the units digit of (-1)/((-6 + 3)/d)?
1
Let m be (2/(-4))/((-10)/2420). Let o = 180 - m. What is the units digit of o?
9
Let j(r) = -6*r - 8. Let l be j(-5). Let v = l + 17. What is the units digit of v?
9
Suppose -1022 = -2*c + 3*z + z, -5*z = c - 539. What is the hundreds digit of c?
5
Let f(t) = 2*t**2 + 5*t - 4. Let i be f(-5). Suppose 0*s + s + 2*l = 11, -6 = -s - 3*l. Suppose s = 2*n - i. What is the tens digit of n?
2
Let z = 451 - -24. Let p be (-1)/3 - z/15. Let d = -18 - p. What is the tens digit of d?
1
Suppose 2*g = -2*y + 4, -3*g = -0*g - 2*y - 21. Suppose 0 = 2*x - 3*x - 5*a + 129, -3*a + 689 = g*x. What is the hundreds digit of x?
1
Let p = 916 - -9. What is the units digit of p?
5
Let t(h) = h**3 - 7*h**2 - 8*h - 5. Let u(q) = -q**2 - 5*q + 4. Let c be u(-4). Let s be t(c). Let a = 6 - s. What is the tens digit of a?
1
Let n be (-4)/(-24)*9*72. Suppose 3*i - 12 = 0, 5*l - 2*i + n = -5*i. What is the units digit of 29 - (l/4 + 2)?
3
Let b(c) = -4*c + 9. Let d(i) be the second derivative of 7*i**3/6 - 9*i**2 + 4*i. Let a(x) = -5*b(x) - 3*d(x). What is the tens digit of a(-7)?
1
Let n(g) = 5*g + 59. Let f be n(-11). Suppose -f*p = -1470 + 446. What is the tens digit of p?
5
Let p(h) = h**3 - 2*h**2 - h - 1. What is the units digit of p(3)?
5
Let c = 44 + 25. Suppose 129 + c = 2*u. What is the tens digit of u?
9
Let k(f) = 17*f - 8. Let m be 24/36 + 13/3. What is the units digit of k(m)?
7
Let g be (-4)/(-3)*(-48)/32. Let b be 2 + ((-60)/g - 1). Suppose -b = -2*v + 65. What is the units digit of v?
8
Let w = -10 - -13. Let l(j) = w*j - 4*j + 7*j + 0*j - 2. What is the tens digit of l(2)?
1
Let t(q) = -2*q**3 - 6*q**2 - 6*q - 1. Let j(m) = m**3 - m**2 - m. Let z(x) = 3*j(x) + t(x). What is the units digit of z(10)?
9
Suppose 64*p + 412 = 68*p. What is the units digit of p?
3
Suppose 0 = -63*p + 59*p + 4324. What is the hundreds digit of p?
0
Suppose -p - 45 = -6*p. Suppose 12*m - 264 = p*m. What is the units digit of m?
8
What is the tens digit of 4829/22 + (-2)/4?
1
What is the units digit of 3 + 0/2 - 88060/(-37)?
3
Let l(o) = -4*o + 17. Let d be l(5). What is the tens digit of (-3903)/(-24) + d/(-8)?
6
Suppose 3*c + u - 2926 = 0, -2918 = 7*c - 10*c + u. What is the tens digit of c?
7
Let y = -2637 + 4775. What is the hundreds digit of y?
1
Let o = 10 + -4. Suppose 0*x = -3*x + o. Suppose 0 = -2*c - 5*j + 95, -2*j - 116 = -4*c + x*c. What is the tens digit of c?
5
Let s = -11 + 19. Suppose 0 = 2*i - 4*u, -i = -6*i + 5*u + 5. Let w = s - i. What is the units digit of w?
6
Let g(t) = -t**2 + 7*t + 6. Let i be g(6). Suppose i*j - 348 = 8*j. What is the tens digit of j?
8
Suppose -420 = -7*r - 0*r. Suppose 0 = -2*i + r - 10. What is the tens digit of i?
2
Suppose -2*k - 4*s = -1556 - 410, 2*s + 3962 = 4*k. Suppose -5*y = 314 - k. What is the hundreds digit of y?
1
Suppose -6030*r = -6040*r + 15870. What is the hundreds digit of r?
5
Let j(k) = 2*k**2 - 27*k - 3. Let h be j(13). What is the tens digit of (h/6 - -2) + (-1606)/(-33)?
4
Suppose 7 + 57 = -4*i. Let t = i - -16. Suppose -3*s + 3 = -t, 5*u - 171 = -s. What is the tens digit of u?
3
Let j(l) = 48*l**2 + l + 1. Let n be j(-2). Let k = -116 + n. What is the tens digit of k?
7
Let h be (53/(-4))/((-3)/(-12)). Let o = -10 - h. Let l = -13 + o. What is the units digit of l?
0
Let u be (-16)/(-12)*3 + -1. Suppose 5*q + 72 = 9*q. Suppose 0 = u*p - p - q. What is the units digit of p?
9
Suppose b = 12 + 16. Let r = 33 - b. Suppose -25 = -5*i, 3*x - i = r*x - 125. What is the tens digit of x?
6
Suppose 3*s - g - 8804 = 0, 31*s + 5*g = 35*s - 11724. What is the tens digit of s?
3
Let w be ((-6)/(-3))/((-2)/(-4)). Suppose 0*g - w*g = -172. What is the tens digit of g?
4
What is the tens digit of (2 + 32)*(-90)/(-36)?
8
Let g = 3 - 17. Suppose n - 2 - 1 = 0. What is the units digit of n/21 + (-68)/g?
5
Suppose -3*o = -5*c - 1299, 16*c - 15*c = 2*o - 873. What is the tens digit of o?
3
Let g(l) = 20*l**2 - l. Let f be g(-1). Let x be (-104)/(-7) + 3/f. Suppose -x = k - 4*k. What is the units digit of k?
5
Let q = -88 - -345. What is the hundreds digit of q?
2
Let f(m) = 67*m - 1. Let q be f(1). Suppose -g = 2*g - q. Suppose 14 + g = 2*y. What is the tens digit of y?
1
Let s = -2 + 8. Suppose -p = -i + 4*i - 8, -s = 2*p - 5*i. Suppose 0 = p*l - l - 40. What is the tens digit of l?
4
Suppose -2*f - f - 382 = 4*y, -2*y = 4*f + 186. Let n = y - -163. What is the units digit of n?
6
Let f be ((-410)/(-4))/(-5) - (-3)/(-2). Let l = 53 + f. What is the units digit of l?
1
Suppose 2428 + 1451 = x + 2*a, 0 = -x - 3*a + 3879. What is the tens digit of x?
7
Let w(o) = o - 3. Let u = 17 - 12. Let m be w(u). Suppose 4*s - 88 = -0*t + 2*t, -m*t = 2*s - 38. What is the units digit of s?
1
Suppose -24*q + 20*q - 12 = 0. What is the hundreds digit of 1*q - (-1188)/9?
1
Suppose 2*p - 238 = -2*d, 23 = -d - 3*p + 146. What is the tens digit of 28/(-5)*(2 + d/(-6))?
9
Suppose -3*j + 2*x = -14, -5*j + 0*x = -2*x - 26. Let z be (-4)/j*-1*411. Suppose 38 = -4*m + z. What is the units digit of m?
9
Let t = 577 - -632. What is the thousands digit of t?
1
Let w(k) = k + 8. Let p(g) = -g - 1. Let d be p(5). Let q be w(d). Suppose -32 = -q*r - 3*n, -4*n = -r + 1 - 7. What is the tens digit of r?
1
Suppose 5*m - 3 = 5*t - 8, 2*t + 6 = 4*m. Suppose 3*w = -m*j + 6*w - 36, 0 = -j - 5*w - 9. Let c = -7 - j. What is the units digit of c?
2
Suppose 0 = 3*s + 2*s - 3*v + 22, -3*s - v - 2 = 0. What is the tens digit of 5*((-49)/(-5) - s)?
5
Let s(b) = 2*b. Let m be s(5). Suppose 2*y - m + 24 = 0. What is the units digit of (6/4)/(y/(-126))?
7
Suppose 0 = -3*a + 4*q - 2*q + 25, -3*a = -3*q - 30. What is the units digit of (-1)/a - 2976/(-30)?
9
Suppose 5*x - 3*n - 9769 = 0, 3*x - 5862 = -9*n + 11*n. What is the tens digit of x?
5
Let h(n) = -n**2 + 8*n + 9. Let p be h(11). Let j = 8 - p. What is the units digit of j?
2
Suppose 4*y + 4 - 24 = 0. Suppose -26 = -y*w + 3*x, -x + 4 = w + 2. Suppose w*q - 121 = -5*v, 2*q + 2*v = 38 + 20. What is the units digit of q?
4
Let h = -21 + 25. What is the units digit of (-448)/(-6) + h/12?
5
Let i(d) = 2*d**2 - 29*d + 15. Let u be i(14). Suppose 5*c = u + 389. What is the units digit of c?
8
Let o(b) = 2*b - b**2 + 5 + 4*b**2 + 7*b - 2*b**2. Let l be o(-9). What is the units digit of 64 + (2 - (l - -1))?
0
What is the hundreds digit of (25*-66)/(-3) - (3 - 3)?
5
Suppose -5*k + 65 = -4*k. Suppose k - 52 = s. What is the tens digit of s?
1
Suppose 0 = -2*z - z + o + 15, 4*z + 2*o - 20 = 0. Let r = z - 5. Suppose r = -g + 5*p + 43, -3 = p - 2. What is the tens digit of g?
3
What is the units digit of (-9 - (-583)/66) + 4789/6?
8
Let i(o) = 127*o**2 + 4*o + 15. What is the tens digit of i(-3)?
4
Let d(u) = -u**2 - 23*u + 10. Let v = -29 - -10. What is the tens digit of d(v)?
8
Let f(w) = -4*w - 11. Suppose 0 = -5*i - 0*k - k - 30, -5*k - 25 = 0. Let d be f(i). Suppose -3*m + d = n, 3*m + 29 + 4 = n. What is the tens digit of n?
2
Suppose -4*z = z - 10. Suppose -4*l + 56 = -4*q, -z*l - 3*q = q - 22. What is the units digit of l?
3
Let v = 1128 - -1665. What is the tens digit of v?
9
Let q = -861 + 1247. What is the units digit of q?
6
Suppose 2*c - 10 = -0*c. Suppose -c*a + 2*a + 324 = 0. What is the hundreds digit of a?
1
Suppose 0 = 5*r + j, -